 the greatest common divisor of i and v.
12
Let a be (2 - 0) + (11/(-3)*3 - -345). Calculate the highest common factor of 2184 and a.
168
Let c(z) = 22 - 33 - z + 18. Let r(y) = -y + 7. Let t(b) = -2*c(b) + 3*r(b). Let j be t(-8). What is the highest common divisor of 15 and j?
15
Suppose -5*c - 2*a + 499 = 0, 5*c - 485 = 20*a - 15*a. What is the highest common divisor of 8217 and c?
99
Suppose 39*c - 66 = 17*c. Suppose v + 2*t = 5, -22*v + 17*v + c*t = -12. Calculate the highest common factor of 219 and v.
3
Suppose -5*s = -4*p - 452, -p + 3*s + 96 = -2*p. Let o = -96 - p. Suppose 0 = -o*t + 228 + 12. Calculate the highest common divisor of t and 30.
10
Suppose 3907 = 9*a - 665. Let z = 535 - a. Let b(i) = 27*i. Let w be b(1). Calculate the highest common divisor of w and z.
27
Let g(a) = -a**3 + 11*a**2 + 4*a - 24. Let v be g(11). Suppose 23*y - 54 = v*y. Suppose 0*j + 3*j = y. What is the greatest common factor of j and 48?
6
Let f be 1206/(-12)*((-35)/(-15) + 3 + -8). What is the greatest common factor of 5427 and f?
67
Let c(n) = 109*n + 3. Let b be c(3). Let y = b - 129. Suppose 5*a - y = -p, a - 4 = 2*p + 34. What is the highest common divisor of a and 30?
10
Let c be 512*((14 - 27) + 14). Calculate the highest common factor of c and 48.
16
Let v be (-25)/(2/2 - 2). Let k be 62/30 - (-2)/(-30). Suppose -k*i + v = -11. What is the greatest common factor of 144 and i?
18
Let s be 144/30 + (-1)/(-5). Suppose -4*q - q + 22 = a, 4*q - 18 = -a. Let n be ((-20)/(-24))/(a/12). Calculate the greatest common factor of s and n.
5
Suppose -180 = -6*l - 90. Calculate the greatest common divisor of 3945 and l.
15
Suppose 5*b = 3*a + 298, -b + 14*a + 46 = 10*a. What is the greatest common factor of b and 155?
31
Suppose 233*f + 107150 = 251*f + 31622. Calculate the highest common factor of f and 4.
4
Let w(d) = 12*d + 282. Let b be w(-20). Calculate the highest common divisor of b and 102.
6
Let y(j) = j**2 + 6*j + 4. Let p be y(-4). Let r = p + -10. Let h = r - -30. Calculate the highest common factor of h and 16.
16
Let y(h) = -126*h - 18. Let l = -939 - -938. Let d be y(l). What is the greatest common factor of 36 and d?
36
Suppose -5042*w - 1584 = -5086*w. Calculate the highest common divisor of w and 542.
2
Suppose -2*b - 2*n = -2, 2*n = -4*b + n + 7. Let x be ((-28)/(0 + b))/(-1). Let k = x - -2. Calculate the highest common factor of k and 40.
8
Suppose -499*g - 9 = -502*g. Let d be (-65 + g)*(70/4)/(-5). Calculate the greatest common factor of d and 31.
31
Suppose 0 = -w + 4, m + 4*m = -w + 714. Let n(h) = -h**2 - 28*h - 1. Let q be n(-25). Let k = m + q. Calculate the greatest common divisor of k and 27.
27
Suppose i - 3*y = -3*i - 109, -3*i - 83 = -2*y. Let k = i + 25. Let n be (k + 5 + -2)/(-3) - -119. Calculate the greatest common factor of 24 and n.
24
Suppose 54*j - 1500 = 4*j. Suppose -3*g = -5*t + 1416, 2*t - 579 = 3*g - 6*g. What is the greatest common divisor of t and j?
15
Let r be -3 + 4 + (13 - (3 + -9)). Let z(n) = n + 44. Let p be z(r). Calculate the greatest common factor of p and 24.
8
Let q be -4 + 4 - -116*1. Suppose 128*v - q*v - 5760 = 0. Calculate the highest common divisor of v and 60.
60
Let h(k) = k**3 + 8*k**2 + 5*k - 11. Let v be h(-7). Let i be v - (9 - (15 + -1)). Calculate the highest common factor of i and 3.
1
Let v = 26 - 26. Suppose v = -3*u + 25 - 13. Suppose -2*f - 2 = -y - 4, -3*y = -f - u. Calculate the greatest common factor of y and 3.
1
Suppose 3*d + 3*y + 3 = 4*d, 3*d = -4*y + 48. Suppose 12*z + 4*z = -992. Let c = z + 110. Calculate the highest common factor of d and c.
12
Suppose 271*s - 304*s + 11220 = 0. What is the highest common factor of 60 and s?
20
Let o(k) = k**3 + 115*k**2 + 556*k + 664. Let s be o(-110). Let j(u) = -142*u. Let d be j(-2). What is the greatest common divisor of s and d?
4
Let w be 96*(14/(-91) + (-160)/(-26)). Suppose -3*g = 2*p - 5*g - w, 0 = 2*p + g - 576. Calculate the highest common divisor of 32 and p.
32
Suppose -1411*p - 441 = -1432*p. Calculate the highest common divisor of 2079 and p.
21
Let k be 31 - (-2 - (-5 - -2)). Let z be 2/(-4) - (-2114)/28. What is the greatest common factor of z and k?
15
Suppose -473*l + 377*l + 10656 = 0. What is the highest common divisor of l and 11248?
37
Let x(c) = 4*c + 38. Let v be x(-6). Let y(p) = -200*p + 1389. Let r be y(6). Calculate the greatest common factor of v and r.
7
Let g(m) = 3*m + 8. Let p(t) = t**2 - 11*t - 25. Let c(x) = 7*g(x) + 2*p(x). Let n be c(3). Calculate the greatest common factor of 84 and n.
21
Let b(q) = -2*q**2 + 41*q - 22. Let x be b(19). Let m be (196/x)/((-10)/(-25)). Calculate the greatest common factor of m and 28.
14
Let h(y) = 48*y**2 - 65*y - 138. Let c be h(-2). What is the highest common factor of c and 3496?
184
Let b(a) = a**2 + 248*a + 16. Let d be b(0). Calculate the highest common divisor of d and 492.
4
Let s(w) = 11*w - 85. Let d be s(8). Suppose 139 = d*t + x - 3*x, 2*t + 4*x = 82. Calculate the greatest common factor of 165 and t.
15
Suppose -4*s + 4*p = 6*p - 122, 0 = -s - 4*p + 34. Suppose -s*j = -24*j - 42. Calculate the greatest common factor of 49 and j.
7
Let v = -266 + 436. Let s = -16924 - -16934. What is the highest common factor of s and v?
10
Suppose -4*q + 27*q - 112035 = -32*q. Calculate the highest common divisor of 6693 and q.
291
Suppose -11*f + 441 = -2*f. Let s be (-5 + f/5)*10. What is the greatest common factor of 32 and s?
16
Let a(y) = 2*y**2 + 12*y + 4. Let c be a(-14). Let o be (52/14 - 2)/(1/7). Calculate the greatest common divisor of c and o.
12
Let t be -1*((1684/8)/(-1) + 24/16). Calculate the greatest common factor of t and 304.
19
Let f = 339 + 4263. Calculate the highest common factor of 118 and f.
118
Suppose 3*j - 1948 = -l + 2056, 0 = 11*l - 55. Calculate the highest common factor of 310 and j.
31
Let n = -237 - -216. Let y(l) = -l**3 - 21*l**2 + l + 43. Let w be y(n). Suppose 5*q + 1 - 11 = 0. Calculate the greatest common factor of q and w.
2
Let j = -9 - -21. Let u(t) = t**3 - 24*t**2 + 141*t + 6. Let l be u(6). What is the greatest common factor of l and j?
12
Let w(d) = -7*d**3 + 26*d**2 + 42*d - 13. Let i be w(-2). What is the greatest common factor of i and 77?
7
Let c be (470/(-47) + -1162)/(2*(-1)/8). What is the greatest common factor of c and 112?
16
Let g = -3051 + 6125. What is the highest common factor of g and 58?
58
Let d be (1 - 3) + 27/3. Let n(w) = -10 - d*w - 17*w + w. Let h be n(-5). What is the greatest common divisor of h and 15?
15
Let m = -3941 - -3976. What is the highest common divisor of 360 and m?
5
Let u(n) = -7*n**2 - 46*n - 13. Let y(q) = 2*q**2. Let w(d) = -u(d) - 5*y(d). Let f be w(9). Calculate the greatest common factor of 46 and f.
46
Suppose 0 = 5*o + 51*v - 50*v - 403, -3*o = 5*v - 211. Calculate the highest common divisor of 9594 and o.
82
Let h(g) = -7*g + 4. Let k be h(-5). Let j(u) = 52*u**2 + 390*u - 767. Let d be j(2). What is the greatest common divisor of d and k?
13
Let s = 3124 - 2963. What is the highest common factor of 874 and s?
23
Let q be (18/(-4))/((-825)/(-20) + -42). Calculate the highest common factor of 633 and q.
3
Let q(p) = -p**2 + 3*p + 5. Let x be (-5)/10 + (-18)/(-4). Let n be q(x). Let g be (4 - (3 - -1)) + (0 - -2). Calculate the highest common divisor of g and n.
1
Let t be 3 - (5 - 2) - -77. Let g = 162 + -155. Suppose 11*r - 28 = g*r. Calculate the greatest common divisor of t and r.
7
Let o(h) = 35*h - 208. Let f be o(16). Let g = -248 + f. Calculate the greatest common divisor of 364 and g.
52
Suppose -293309 = -87*z + 79342 + 17544. What is the greatest common factor of z and 207?
69
Let h be (1 - 4)*((-92)/(-230))/(6/(-10790)). What is the greatest common factor of 1162 and h?
166
Let k(c) = -17*c - 30. Let q be k(-2). What is the highest common divisor of q and 1744?
4
Let i(d) = d**2 - 4*d - 5. Let m be i(-1). Suppose m = -6*o - 0 + 24. Suppose o*x = 155 + 85. What is the greatest common divisor of 45 and x?
15
Let t(d) = -10*d + 5. Let c be t(-4). Suppose -2270 - 6655 = -119*f. What is the highest common divisor of c and f?
15
Let v be ((-14)/(-6 + 7))/(-2 - -1). Suppose 2*h + 150 - 455 = -5*j, -2*h = 2*j - 116. What is the greatest common factor of j and v?
7
Let p be 